Let b(t) = -3*t + 33. Let f be b(11). What are the prime factors of -348*(f - 2)*(-1)/(-2)?
2, 3, 29
Let q(s) = -s**2 + 9*s + 30. Let v be q(11). Let z(y) = 55*y - 6. Let h be z(v). Suppose 3*i + 3*o = 732, -5*i + 3*o + 810 = -h. List the prime factors of i.
13, 19
Let v = -1074 - -5377. List the prime factors of v.
13, 331
What are the prime factors of (459/(-153))/((-2)/2494)?
3, 29, 43
Let w(t) = 7*t**2 + 11*t + 52*t**3 - 68*t**3 + 0 + 4. What are the prime factors of w(-3)?
2, 233
Let t = -23 - -27. Suppose -f + 79 = -m + 21, t*m + 73 = f. Let w = f + 59. List the prime factors of w.
2, 7
Let s = -109 - -109. Suppose s = -35*r + 32*r + 189. What are the prime factors of r?
3, 7
Suppose -123*a + 48705 + 41931 = -60408. What are the prime factors of a?
2, 307
Let k = -33 + 18. Let b = -73 + k. Let o = 183 + b. List the prime factors of o.
5, 19
Suppose 438729 = 3*b + 69*b - 15*b. What are the prime factors of b?
43, 179
Let x = 9677 - 7463. What are the prime factors of x?
2, 3, 41
Suppose 0 = 8*d - 13*d + 35. Suppose 10*n - d*n = -6. What are the prime factors of n*2*-7*(-16)/(-8)?
2, 7
Suppose -3*w = -2*l + 20341, 7*w = -12*l + 13*l - 10143. What are the prime factors of l?
2, 7, 727
Let q = 74 - 56. Suppose q*m - 730 = 16*m. What are the prime factors of m?
5, 73
Let j = 834 + -832. Suppose 0 = -4*d - 2*i + 7686, j*d + i - 3839 = 4*i. What are the prime factors of d?
17, 113
Let n be (3/2)/(9/132)*-3. List the prime factors of (-10)/(-6) + (-37708)/n.
3, 191
Let c be 6/8 + 585/(-12). Let n(z) = -z**3 - 12*z**2 + 13*z + 69. Let r be n(-12). Let t = c - r. What are the prime factors of t?
3, 13
Suppose -4*t = -i + 101 + 2893, -i + 3004 = t. Suppose -2*v - 2*v + 4 = 0, i = 5*j - 3*v. What are the prime factors of j?
601
Let y(m) = -1. Let l(n) = -n**2 - 13*n + 47. Let x(a) = l(a) - y(a). Let b be x(-16). Suppose -8*j + 1354 + 238 = b. List the prime factors of j.
199
Let k(z) = -110*z**3 + 23*z**2 + 68*z - 10. List the prime factors of k(-3).
2963
Suppose -37*b + 314213 + 2362 + 141004 = 0. What are the prime factors of b?
83, 149
Let k(u) = 20*u**2 - 3*u. Let l(f) = 4*f + 27. Let i be l(-7). Let c be -5 - (i/6 + (-242)/132). List the prime factors of k(c).
3, 7
Let m(w) = 22475*w + 15. List the prime factors of m(2).
5, 17, 23
Let a = -5 - -8. Let v be ((-1)/(4/4))/((-15)/1365). Suppose x + 5*y = -23 + 62, -v = -2*x + a*y. List the prime factors of x.
2, 11
Let z be (-292)/(-100) - (-50)/625. Suppose -y + 13 = -8. Suppose z*l - y = 117. What are the prime factors of l?
2, 23
Let r(m) = -m**3 + 13*m**2 - 18*m + 89. Let s = 248 - 236. List the prime factors of r(s).
17
Let f = -299 + 14037. List the prime factors of f.
2, 6869
Let o be 2/10 + 247/65. What are the prime factors of (-3 + o)/((20/3125)/4)?
5
Let v(j) = 6*j - 4. Let q be v(12). Suppose -2*w + 13*o = 8*o - 79, 2*w = 4*o + 74. Let c = w + q. List the prime factors of c.
5, 19
Suppose 0 = -2*a + 3*d + 439 + 31, 0 = a - 3*d - 229. Suppose a*o = 243*o - 528. List the prime factors of o.
2, 3, 11
Let u(b) = 4763*b**2 - 26*b - 89. What are the prime factors of u(-3)?
2, 11, 487
Let j = 2641 - -1971. List the prime factors of j.
2, 1153
Suppose -1 = 2*b - 3, -y - 127 = 2*b. Let f = 653 - y. What are the prime factors of f?
2, 17, 23
Suppose 4*u + o + 67 = 0, 3*u - 3*o + 59 = -2*o. Let s(y) = -20*y - 33. Let h be s(u). Let r = -187 + h. List the prime factors of r.
2, 5, 7
Let c = -3988 - -19974. List the prime factors of c.
2, 7993
Suppose 4*p = q + 12, 8*q + 8 = 9*q + p. Suppose -2*c + 5*r = -552, 9*r - 1134 = -q*c + 4*r. What are the prime factors of c?
281
Let j = 35 - 14. Suppose 11 = -5*a + j. Suppose 0 = a*o - 195 + 13. What are the prime factors of o?
7, 13
Suppose 5*w = -5*w + 40. Suppose 2*n - 6 = 0, -q = -4*n - 7 + w. List the prime factors of q.
3, 5
Let k = 2139 - -13846. What are the prime factors of k?
5, 23, 139
Let d(y) = 11*y**2 - 69*y - 12. Let z(m) = 6*m**2 - 35*m - 7. Let v(i) = -4*d(i) + 7*z(i). List the prime factors of v(9).
2, 29
Let j = -7850 - -16113. List the prime factors of j.
8263
Let t be 16 + (-10)/(-8) - (-1)/(-4). Suppose 0 = t*j - 31*j + 10304. What are the prime factors of j?
2, 23
Let r = -2993 + 51829. List the prime factors of r.
2, 29, 421
Suppose -84972 = -4*m + 23*v - 25*v, 2*v + 106188 = 5*m. List the prime factors of m.
2, 3, 5, 59
Let i(x) = x**2 - x. Let q be i(-3). Let v(t) = t**3 - 6*t**2 - 30*t + 33. List the prime factors of v(q).
3, 179
Let m(a) = -74*a - 1317. What are the prime factors of m(-90)?
3, 13, 137
Suppose 0 = 6*z - 12*z + 534. Let c = z + 393. List the prime factors of c.
2, 241
Let s(n) = -12*n**3 + 49*n**2 - 28*n + 5. What are the prime factors of s(-10)?
5, 7, 491
Let m(u) be the third derivative of u**4/24 + u**3/3 + u**2. Let r be m(7). Suppose 0 = 5*o - 54 + r. What are the prime factors of o?
3
Let s be (-2)/(-6) - (-3 - 42/9). Suppose 0*c + 4*b - 2 = c, 5*c - 2*b = s. Suppose 5 = c*q - 75. List the prime factors of q.
2, 5
Suppose -4*o + 8 = 0, 4*o - 202 = -5*p + 156. Suppose p = -4*s + 518. Suppose 128 = 4*j - s. What are the prime factors of j?
2, 3, 5
Suppose 1728 = i + 11*i. Let a = i + 55. List the prime factors of a.
199
Suppose -6 = -10*d + 9*d. Suppose -3*i + 960 = -5*c, -6 - d = -4*c. Suppose 4*k - i = -k. What are the prime factors of k?
5, 13
Let w be 0/4 - (8 - 13). Suppose w*b - 2*z - 5092 = 0, -4*z - 3058 = -9*b + 6*b. List the prime factors of b.
2, 509
Let c = 11399 + -4302. What are the prime factors of c?
47, 151
What are the prime factors of (-348729 - -1)/(428 - 436)?
43591
Let j = 23132 + -9992. List the prime factors of j.
2, 3, 5, 73
Let i = -14120 + 71000. What are the prime factors of i?
2, 3, 5, 79
Suppose 2*d = -4*g - 3566, 8887 = -5*d + 6*g - 9*g. Let a = -1159 - d. What are the prime factors of a?
2, 7, 11
Let l(s) = 9*s + 62. Let d be l(-8). What are the prime factors of 98/10 - (-8)/d?
3
Let x(l) = -l**3 + 38*l**2 + 73*l + 318. What are the prime factors of x(37)?
2, 1097
Suppose -s + 15*y - 12*y + 39035 = 0, -78110 = -2*s - 4*y. What are the prime factors of s?
39047
Suppose -38*k - 11*k + 459301 = 100376. List the prime factors of k.
5, 293
Let p(q) be the second derivative of -q**5/10 - 5*q**4/6 - 5*q**3/6 + 4*q**2 + 155*q - 1. List the prime factors of p(-6).
2, 5, 11
Let w = 1011 + -617. Let t be 2/8 + (-4565)/20. Let j = t + w. What are the prime factors of j?
2, 83
Suppose 0 = m - 0*y + 4*y - 14, -2*m + 5*y - 11 = 0. Let n be 9/6*(1 - 2 - -41). Suppose -m*r + n = r. What are the prime factors of r?
2, 5
Let j = -8468 + 14551. List the prime factors of j.
7, 11, 79
Suppose -x + 4*x + 5*u - 259 = 0, -4*x = 2*u - 350. Suppose -2*q - 11*s + 12*s + 158 = 0, q - x = 5*s. What are the prime factors of q?
2, 3, 13
Suppose -3*k + 4999 = 5*s, -3338 = -4*k + 2*k + 2*s. Suppose -w + 7*w - k = 0. What are the prime factors of w?
2, 139
Suppose -5*f + 459*l = 460*l - 71133, 14241 = f + 2*l. What are the prime factors of f?
5, 569
Let v be (3 - 1/(-1))/(-2)*-1. Suppose 1 + v = 3*k. Suppose -5*b + k + 304 = 0. What are the prime factors of b?
61
Suppose 0 = -16*a + 11*a + 30. List the prime factors of 4/a*489 + 4.
2, 3, 5, 11
Let b = -1088 - -736. Let g = 456 - b. List the prime factors of g.
2, 101
Suppose -4*q + 4200 = 184. Suppose 6*x = -q + 2936. Suppose 4*r - 874 + x = 0. List the prime factors of r.
2, 3, 23
Let y be ((-45)/27)/(4 + (-308)/72). Suppose y*q = 468 + 90. What are the prime factors of q?
3, 31
Let r(q) = 57*q**3 + 1. Let z be r(1). Suppose -8*g = -6*g - z. Suppose 0 = h - g - 9. List the prime factors of h.
2, 19
Suppose 5*j = 5*w + 35420, 5*j + w - 35585 = -153. What are the prime factors of j?
2, 3, 1181
Suppose 5*u = -2*f + 74890, -5*u = -4*f + 164033 - 14283. List the prime factors of f.
2, 3, 5, 13
Suppose -333 = -92*b + 87*b + 2*n, -3*n = b - 87. List the prime factors of b.
3, 23
Let m be (-24)/30*((-75)/6)/5. Suppose -4*y + 3433 = 5*u - 6*y, -1382 = -m*u + 3*y. List the prime factors of u.
5, 137
Let i be (-20)/((-3)/30*-5). Let g = i + -19. Let d = 117 + g. List the prime factors of d.
2, 29
List the prime factors of (-4 + 3)/(3*4/(-102516)).
8543
Let h be 2/(-7) + (-1221)/259. List the prime factors of (h - -7) + (798 + 2 - 1).
3, 89
Suppose -1685 = -15*f + 10*f.